8327218?
2, 3, 23, 89, 1583
What are the prime factors of 2554393920?
2, 3, 5, 13, 204679
List the prime factors of 57967125.
3, 5, 154579
What are the prime factors of 6296285?
5, 521, 2417
What are the prime factors of 152437342?
2, 19, 1021, 3929
What are the prime factors of 917515303?
917515303
What are the prime factors of 32163386?
2, 16081693
What are the prime factors of 357442630?
2, 5, 19, 1881277
List the prime factors of 5754022619.
263, 21878413
List the prime factors of 76018266.
2, 3, 23, 139, 1321
List the prime factors of 1501281940.
2, 5, 2251, 33347
What are the prime factors of 17951463?
3, 221623
What are the prime factors of 37585097?
11, 19, 179833
What are the prime factors of 8640072?
2, 3, 7, 31, 79
List the prime factors of 30500280.
2, 3, 5, 31, 911
List the prime factors of 1294543980.
2, 3, 5, 7191911
List the prime factors of 1005912441.
3, 83, 1346603
What are the prime factors of 86147945?
5, 13, 47, 163, 173
What are the prime factors of 143558509?
19, 547, 727
List the prime factors of 1072464587.
6011, 178417
List the prime factors of 143786173.
143786173
What are the prime factors of 135013584?
2, 3, 977, 2879
What are the prime factors of 792266287?
31, 1013, 25229
What are the prime factors of 2227232641?
1423, 1565167
What are the prime factors of 275020965?
3, 5, 6111577
List the prime factors of 18300286.
2, 173, 227, 233
What are the prime factors of 3611283617?
3611283617
List the prime factors of 347050775.
5, 103, 134777
List the prime factors of 11154235.
5, 19, 117413
What are the prime factors of 52818724?
2, 7, 439, 4297
What are the prime factors of 946401648?
2, 3, 19716701
List the prime factors of 31911115.
5, 307, 20789
List the prime factors of 170253708.
2, 3, 17, 151, 5527
What are the prime factors of 5405248596?
2, 3, 11, 3722623
What are the prime factors of 1751827337?
13, 134755949
What are the prime factors of 352295535?
3, 5, 103, 228023
List the prime factors of 213063929.
13, 19, 862607
What are the prime factors of 87194681?
7, 37, 61, 5519
What are the prime factors of 39595348?
2, 13, 58573
What are the prime factors of 2279120411?
29, 251, 313109
List the prime factors of 215220111.
3, 41, 42677
What are the prime factors of 1286179184?
2, 41, 1960639
List the prime factors of 1804337700.
2, 3, 5, 11, 193, 2833
What are the prime factors of 307665513?
3, 359, 31741
What are the prime factors of 21249031?
17, 1249943
What are the prime factors of 33872978?
2, 16936489
What are the prime factors of 3649224258?
2, 3, 2729, 24763
List the prime factors of 219074350.
2, 5, 11, 83, 4799
List the prime factors of 703072665.
3, 5, 29, 83, 6491
What are the prime factors of 82248488?
2, 7, 1468723
What are the prime factors of 502135897?
41, 43, 284819
What are the prime factors of 4226297044?
2, 1697, 622613
List the prime factors of 28195232.
2, 13, 67777
What are the prime factors of 1864414226?
2, 67, 83, 167633
What are the prime factors of 3148315759?
137, 22980407
What are the prime factors of 1020391492?
2, 79, 587, 5501
What are the prime factors of 73314984?
2, 3, 23, 132817
What are the prime factors of 46212627?
3, 89, 173081
List the prime factors of 13431838.
2, 7, 211, 4547
What are the prime factors of 1232793326?
2, 521, 1183103
What are the prime factors of 12431572?
2, 3107893
List the prime factors of 29456155.
5, 17, 346543
List the prime factors of 21991055.
5, 4398211
What are the prime factors of 228739956?
2, 3, 3581, 5323
List the prime factors of 694844429.
694844429
What are the prime factors of 496384868?
2, 7, 41, 432391
What are the prime factors of 30969431?
23, 277, 4861
What are the prime factors of 352272986?
2, 13, 13548961
List the prime factors of 105061427.
43, 67, 36467
List the prime factors of 4320606731.
7, 29, 21283777
List the prime factors of 139362645.
3, 5, 9290843
What are the prime factors of 874987194?
2, 3, 145831199
List the prime factors of 177431995.
5, 13, 2729723
What are the prime factors of 14338778?
2, 2389, 3001
What are the prime factors of 167795790?
2, 3, 5, 449, 12457
What are the prime factors of 98628420?
2, 3, 5, 11, 29, 5153
What are the prime factors of 1060149939?
3, 12379, 28547
List the prime factors of 2811837776.
2, 11, 67, 3559
What are the prime factors of 22086287?
47, 311, 1511
What are the prime factors of 259935782?
2, 129967891
List the prime factors of 60482786.
2, 7, 13, 439, 757
What are the prime factors of 57232434?
2, 3, 7, 863, 1579
List the prime factors of 1120598291.
29453, 38047
List the prime factors of 1619212921.
1619212921
What are the prime factors of 2517734113?
2517734113
What are the prime factors of 2005721488?
2, 4691, 26723
List the prime factors of 36118292.
2, 7, 127, 1451
List the prime factors of 154308768.
2, 3, 29, 43, 1289
What are the prime factors of 158757552?
2, 3, 1102483
What are the prime factors of 2020305368?
2, 73, 401, 8627
List the prime factors of 3229933576.
2, 19, 349, 60887
List the prime factors of 18347908.
2, 31, 79, 1873
What are the prime factors of 382965262?
2, 11069, 17299
What are the prime factors of 123593329?
23, 733, 7331
What are the prime factors of 575728250?
2, 5, 2302913
List the prime factors of 29303547.
3, 7, 13, 107339
What are the prime factors of 102102970?
2, 5, 71, 143807
What are the prime factors of 1819335864?
2, 3, 89, 851749
What are the prime factors of 116708239?
73, 1598743
List the prime factors of 3299921388.
2, 3, 709, 129287
List the prime factors of 78887090.
2, 5, 179, 44071
List the prime factors of 83626806.
2, 3, 271, 51431
What are the prime factors of 197365518?
2, 3, 7, 67, 7793
List the prime factors of 207010824.
2, 3, 8625451
What are the prime factors of 773230205?
5, 11, 61, 230471
What are the prime factors of 5103826?
2, 7, 13, 29, 967
What are the prime factors of 431622285?
3, 5, 28774819
What are the prime factors of 29855440?
2, 5, 373193
List the prime factors of 463513691.
89, 661, 7879
List the prime factors of 11371702.
2, 271, 20981
List the prime factors of 9444646.
2, 31, 347, 439
List the prime factors of 141409530.
2, 3, 5, 67, 7817
List the prime factors of 230692010.
2, 5, 23069201
What are the prime factors of 9848777?
29, 339613
List the prime factors of 94821751.
43, 2205157
What are the prime factors of 477446478?
2, 3, 19, 4188127
What are the prime factors of 152824840?
2, 5, 7, 673, 811
List the prime factors of 2725686724.
2, 19, 41, 874739
What are the prime factors of 83559678?
2, 3, 13926613
What are the prime factors of 307544676?
2, 3, 31, 61, 13553
What are the prime factors of 4195412021?
19, 3037, 72707
What are the prime factors of 237028981?
7, 61, 389, 1427
What are the prime factors of 232752011?
127, 1832693
What are the prime factors of 591247729?
23, 25706423
List the prime factors of 4809988437.
3, 1621, 989099
What are the prime factors of 169218528?
2, 3, 1762693
What are the prime factors of 57240362?
2, 353, 81077
List the prime factors of 196111103.
19, 59, 174943
What are the prime factors of 41102166?
2, 3, 7, 61, 263
What are the prime factors of 805564021?
43, 18734047
What are the prime factors of 392396043?
3, 13, 10061437
List the prime factors of 699896462.
2, 113, 757, 4091
What are the prime factors of 213183518?
2, 41, 673, 3863
What are the prime factors of 378434755?
5, 23, 3290737
List the prime factors of 14703964.
2, 11, 131, 2551
List the prime factors of 23036003.
17, 43, 31513
List the prime factors of 1692987809.
113, 239, 62687
What are the prime factors of 31490363?
31490363
What are the prime factors of 76679283?
3, 4397, 5813
What are the prime factors of 244637311?
109, 1321, 1699
What are the prime factors of 938106156?
2, 3, 13, 462577
List the prime factors of 1385252917.
59, 1231, 19073
What are the prime factors of 516426081?
3, 79, 2179013
What are the prime factors of 5485242346?
2, 21803, 125791
What are the prime factors of 91895044?
2, 1297, 17713
List the prime factors of 15424450.
2, 5, 308489
What are the prime factors of 658569129?
3, 7229, 30367
What are the prime factors of 1014368274?
2, 3, 17, 3314929
List the prime factors of 3912585.
3, 5, 59, 4421
What are the prime factors of 1911474467?
7, 61, 109, 5867
List t